{"id":3392,"date":"2024-10-18T08:27:02","date_gmt":"2024-10-18T01:27:02","guid":{"rendered":"https:\/\/thptdamha.edu.vn\/?page_id=3392"},"modified":"2024-10-30T11:11:48","modified_gmt":"2024-10-30T04:11:48","slug":"cong-doan","status":"publish","type":"page","link":"https:\/\/thptdamha.edu.vn\/?page_id=3392","title":{"rendered":"C\u00f4ng \u0111o\u00e0n"},"content":{"rendered":"<p><img loading=\"lazy\" decoding=\"async\" class=\"wp-image-3631 aligncenter\" src=\"https:\/\/thptdamha.edu.vn\/wp-content\/uploads\/2024\/10\/6b60bd6040a388153e4d99a07ff6c185-291x300.png\" alt=\"\" width=\"151\" height=\"155\" srcset=\"https:\/\/thptdamha.edu.vn\/wp-content\/uploads\/2024\/10\/6b60bd6040a388153e4d99a07ff6c185-291x300.png 291w, https:\/\/thptdamha.edu.vn\/wp-content\/uploads\/2024\/10\/6b60bd6040a388153e4d99a07ff6c185-993x1024.png 993w, https:\/\/thptdamha.edu.vn\/wp-content\/uploads\/2024\/10\/6b60bd6040a388153e4d99a07ff6c185-768x792.png 768w, https:\/\/thptdamha.edu.vn\/wp-content\/uploads\/2024\/10\/6b60bd6040a388153e4d99a07ff6c185-1489x1536.png 1489w, https:\/\/thptdamha.edu.vn\/wp-content\/uploads\/2024\/10\/6b60bd6040a388153e4d99a07ff6c185-1986x2048.png 1986w, https:\/\/thptdamha.edu.vn\/wp-content\/uploads\/2024\/10\/6b60bd6040a388153e4d99a07ff6c185.png 2048w\" sizes=\"auto, (max-width: 151px) 100vw, 151px\" \/><\/p>\n<table width=\"799\">\n<tbody>\n<tr>\n<td style=\"text-align: center;\" colspan=\"5\" width=\"799\"><span style=\"font-size: 140%; color: #ff0000;\"><strong>BAN CH\u1ea4P H\u00c0NH C\u00d4NG \u0110O\u00c0N TR\u01af\u1edcNG THPT \u0110\u1ea6M H\u00c0 <\/strong><\/span><br \/>\n<span style=\"font-size: 140%; color: #ff0000;\"><strong>NHI\u1ec6M K\u00cc 2023-2028<\/strong><\/span><\/td>\n<\/tr>\n<tr>\n<td style=\"text-align: center;\" rowspan=\"2\"><span style=\"font-size: 120%; color: #0000ff;\"><strong>STT<\/strong><\/span><\/td>\n<td style=\"text-align: center;\" rowspan=\"2\"><span style=\"font-size: 120%; color: #0000ff;\"><strong>H\u1ecd v\u00e0 t\u00ean<\/strong><\/span><\/td>\n<td style=\"text-align: center;\" colspan=\"2\"><span style=\"font-size: 120%; color: #0000ff;\"><strong>N\u0103m sinh<\/strong><\/span><\/td>\n<td style=\"text-align: center;\" rowspan=\"2\"><span style=\"font-size: 120%; color: #0000ff;\"><strong>Ch\u1ee9c v\u1ee5<\/strong><\/span><\/td>\n<\/tr>\n<tr>\n<td style=\"text-align: center;\"><span style=\"font-size: 120%; color: #0000ff;\"><strong>Nam<\/strong><\/span><\/td>\n<td style=\"text-align: center;\"><span style=\"font-size: 120%; color: #0000ff;\"><strong>N\u1eef<\/strong><\/span><\/td>\n<\/tr>\n<tr>\n<td style=\"text-align: center;\"><span style=\"font-size: 110%; color: #0000ff;\"><strong>1<\/strong><\/span><\/td>\n<td><span style=\"font-size: 110%; color: #008000;\">L\u01b0\u01a1ng Anh Nuy<\/span><\/td>\n<td style=\"text-align: center;\"><span style=\"font-size: 110%; color: #008000;\">1982<\/span><\/td>\n<td><\/td>\n<td><span style=\"font-size: 110%; color: #008000;\">Ch\u1ee7 t\u1ecbch<\/span><\/td>\n<\/tr>\n<tr>\n<td style=\"text-align: center;\"><span style=\"font-size: 110%; color: #0000ff;\"><strong>2<\/strong><\/span><\/td>\n<td><span style=\"font-size: 110%; color: #008000;\">Nguy\u1ec5n Thanh Th\u1ea3o<\/span><\/td>\n<td><\/td>\n<td style=\"text-align: center;\"><span style=\"font-size: 110%; color: #008000;\">1986<\/span><\/td>\n<td><span style=\"font-size: 110%; color: #008000;\">Ph\u00f3 Ch\u1ee7 t\u1ecbch<\/span><\/td>\n<\/tr>\n<tr>\n<td style=\"text-align: center;\"><span style=\"font-size: 110%; color: #0000ff;\"><strong>3<\/strong><\/span><\/td>\n<td><span style=\"font-size: 110%; color: #008000;\">\u0110\u1ed7 Xu\u00e2n L\u1ed9c<\/span><\/td>\n<td style=\"text-align: center;\"><span style=\"font-size: 110%; color: #008000;\">1983<\/span><\/td>\n<td><\/td>\n<td><span style=\"font-size: 110%; color: #008000;\">\u1ee6y vi\u00ean, t\u1ed5 tr\u01b0\u1edfng C\u0110 t\u1ed5: L\u00fd &#8211; H\u00f3a<\/span><\/td>\n<\/tr>\n<tr>\n<td style=\"text-align: center;\"><span style=\"font-size: 110%; color: #0000ff;\"><strong>4<\/strong><\/span><\/td>\n<td><span style=\"font-size: 110%; color: #008000;\">Tr\u1ea7n Th\u1ecb L\u00fd<\/span><\/td>\n<td><\/td>\n<td style=\"text-align: center;\"><span style=\"font-size: 110%; color: #008000;\">1986<\/span><\/td>\n<td><span style=\"font-size: 110%; color: #008000;\">\u1ee6y vi\u00ean, t\u1ed5 tr\u01b0\u1edfng C\u0110 t\u1ed5: V\u0103n &#8211; S\u1eed &#8211; NN &#8211; GDKTPL<\/span><\/td>\n<\/tr>\n<tr>\n<td style=\"text-align: center;\"><span style=\"font-size: 110%; color: #0000ff;\"><strong>5<\/strong><\/span><\/td>\n<td><span style=\"font-size: 110%; color: #008000;\">Ph\u1ea1m Th\u1ecb Ngo\u00e3n<\/span><\/td>\n<td><\/td>\n<td style=\"text-align: center;\"><span style=\"font-size: 110%; color: #008000;\">1989<\/span><\/td>\n<td><span style=\"font-size: 110%; color: #008000;\">\u1ee6y vi\u00ean, t\u1ed5 tr\u01b0\u1edfng C\u0110 t\u1ed5: Sinh &#8211; \u0110\u1ecba &#8211; GDTC<\/span><\/td>\n<\/tr>\n<tr>\n<td style=\"text-align: center;\"><span style=\"font-size: 110%; color: #0000ff;\"><strong>6<\/strong><\/span><\/td>\n<td><span style=\"font-size: 110%; color: #008000;\">T\u00f4 T\u00f9ng Thanh<\/span><\/td>\n<td style=\"text-align: center;\"><span style=\"font-size: 110%; color: #008000;\">1989<\/span><\/td>\n<td><\/td>\n<td><span style=\"font-size: 110%; color: #008000;\">\u1ee6y vi\u00ean, t\u1ed5 tr\u01b0\u1edfng C\u0110 t\u1ed5: To\u00e1n &#8211; Tin &#8211; VP<\/span><\/td>\n<\/tr>\n<\/tbody>\n<\/table>\n","protected":false},"excerpt":{"rendered":"<p>BAN CH\u1ea4P H\u00c0NH C\u00d4NG \u0110O\u00c0N TR\u01af\u1edcNG THPT \u0110\u1ea6M H\u00c0 NHI\u1ec6M K\u00cc 2023-2028 STT H\u1ecd v\u00e0 t\u00ean N\u0103m sinh Ch\u1ee9c v\u1ee5 Nam N\u1eef 1 L\u01b0\u01a1ng Anh Nuy 1982 Ch\u1ee7 t\u1ecbch 2 Nguy\u1ec5n Thanh Th\u1ea3o 1986 Ph\u00f3 Ch\u1ee7 t\u1ecbch 3 \u0110\u1ed7 Xu\u00e2n L\u1ed9c 1983 \u1ee6y vi\u00ean, t\u1ed5 tr\u01b0\u1edfng C\u0110 t\u1ed5: L\u00fd &#8211; H\u00f3a 4 Tr\u1ea7n Th\u1ecb L\u00fd&#8230;<\/p>\n","protected":false},"author":1,"featured_media":0,"parent":0,"menu_order":0,"comment_status":"closed","ping_status":"closed","template":"","meta":{"footnotes":""},"class_list":["post-3392","page","type-page","status-publish","hentry"],"_links":{"self":[{"href":"https:\/\/thptdamha.edu.vn\/index.php?rest_route=\/wp\/v2\/pages\/3392","targetHints":{"allow":["GET"]}}],"collection":[{"href":"https:\/\/thptdamha.edu.vn\/index.php?rest_route=\/wp\/v2\/pages"}],"about":[{"href":"https:\/\/thptdamha.edu.vn\/index.php?rest_route=\/wp\/v2\/types\/page"}],"author":[{"embeddable":true,"href":"https:\/\/thptdamha.edu.vn\/index.php?rest_route=\/wp\/v2\/users\/1"}],"replies":[{"embeddable":true,"href":"https:\/\/thptdamha.edu.vn\/index.php?rest_route=%2Fwp%2Fv2%2Fcomments&post=3392"}],"version-history":[{"count":6,"href":"https:\/\/thptdamha.edu.vn\/index.php?rest_route=\/wp\/v2\/pages\/3392\/revisions"}],"predecessor-version":[{"id":3632,"href":"https:\/\/thptdamha.edu.vn\/index.php?rest_route=\/wp\/v2\/pages\/3392\/revisions\/3632"}],"wp:attachment":[{"href":"https:\/\/thptdamha.edu.vn\/index.php?rest_route=%2Fwp%2Fv2%2Fmedia&parent=3392"}],"curies":[{"name":"wp","href":"https:\/\/api.w.org\/{rel}","templated":true}]}}